{"id":2429,"date":"2017-10-08T17:03:45","date_gmt":"2017-10-08T17:03:45","guid":{"rendered":"http:\/\/www.coraljoia.es\/?page_id=2429"},"modified":"2017-10-08T17:04:47","modified_gmt":"2017-10-08T17:04:47","slug":"ideari","status":"publish","type":"page","link":"https:\/\/www.coraljoia.es\/?page_id=2429","title":{"rendered":"IDEARI"},"content":{"rendered":"<h2 style=\"text-align: center;\"><span style=\"color: #0000ff;\">CURS DE DIRECCI\u00d3 SIMF\u00d2NIC-CORAL<\/span><\/h2>\n<h3 style=\"text-align: justify;\">IDEARI<\/h3>\n<h4 style=\"text-align: justify;\">Es presenta aquest projecte al poble d\u2019Alella amb la idea que sigui un referent dins de la comarca del Maresme en particular (doncs no existeix cap proposta semblant) i a Catalunya en general. Dins del nostre territori catal\u00e0 existeixen propostes semblants, per\u00f2 aquest curs presenta un s\u00e8rie de particularitats \u00faniques, com ara les pr\u00e0ctiques amb cor i orquestra i els tallers espec\u00edfics. La pretensi\u00f3 del curs formatiu \u00e9s fer-ho dins d\u2019un marc d\u2019un alt nivell qualitatiu, per aquest fet tant els tipus de professors (titular i convidats), com ara el material que es proporciona i la manera de fer les classes confer\u00e8ncies i tallers, estan dins de les pr\u00e0ctiques pr\u00f2pies de la innovaci\u00f3 pedag\u00f2gica pr\u00f2pia del segle XXI.<\/h4>\n","protected":false},"excerpt":{"rendered":"<p>CURS DE DIRECCI\u00d3 SIMF\u00d2NIC-CORAL IDEARI Es presenta aquest projecte al poble d\u2019Alella amb la idea que sigui un referent dins de la comarca del Maresme en particular (doncs no existeix [&hellip;]<\/p>\n","protected":false},"author":1,"featured_media":0,"parent":0,"menu_order":0,"comment_status":"closed","ping_status":"closed","template":"","meta":{"_seopress_robots_primary_cat":"","_seopress_titles_title":"","_seopress_titles_desc":"","_seopress_robots_index":"","ngg_post_thumbnail":0,"_EventAllDay":false,"_EventTimezone":"","_EventStartDate":"","_EventEndDate":"","_EventStartDateUTC":"","_EventEndDateUTC":"","_EventShowMap":false,"_EventShowMapLink":false,"_EventURL":"","_EventCost":"","_EventCostDescription":"","_EventCurrencySymbol":"","_EventCurrencyCode":"","_EventCurrencyPosition":"","_EventDateTimeSeparator":"","_EventTimeRangeSeparator":"","_EventOrganizerID":[],"_EventVenueID":[],"_OrganizerEmail":"","_OrganizerPhone":"","_OrganizerWebsite":"","_VenueAddress":"","_VenueCity":"","_VenueCountry":"","_VenueProvince":"","_VenueState":"","_VenueZip":"","_VenuePhone":"","_VenueURL":"","_VenueStateProvince":"","_VenueLat":"","_VenueLng":"","_VenueShowMap":false,"_VenueShowMapLink":false,"footnotes":""},"class_list":["post-2429","page","type-page","status-publish","hentry"],"_links":{"self":[{"href":"https:\/\/www.coraljoia.es\/index.php?rest_route=\/wp\/v2\/pages\/2429","targetHints":{"allow":["GET"]}}],"collection":[{"href":"https:\/\/www.coraljoia.es\/index.php?rest_route=\/wp\/v2\/pages"}],"about":[{"href":"https:\/\/www.coraljoia.es\/index.php?rest_route=\/wp\/v2\/types\/page"}],"author":[{"embeddable":true,"href":"https:\/\/www.coraljoia.es\/index.php?rest_route=\/wp\/v2\/users\/1"}],"replies":[{"embeddable":true,"href":"https:\/\/www.coraljoia.es\/index.php?rest_route=%2Fwp%2Fv2%2Fcomments&post=2429"}],"version-history":[{"count":2,"href":"https:\/\/www.coraljoia.es\/index.php?rest_route=\/wp\/v2\/pages\/2429\/revisions"}],"predecessor-version":[{"id":2431,"href":"https:\/\/www.coraljoia.es\/index.php?rest_route=\/wp\/v2\/pages\/2429\/revisions\/2431"}],"wp:attachment":[{"href":"https:\/\/www.coraljoia.es\/index.php?rest_route=%2Fwp%2Fv2%2Fmedia&parent=2429"}],"curies":[{"name":"wp","href":"https:\/\/api.w.org\/{rel}","templated":true}]}}